 f = 0, -66 = -4*k + 3*c + 127. Calculate the greatest common divisor of k and 7.
7
Suppose -4*r = 4*v + 28, 5*r - 4*v - v = -15. Let q = r + 15. Calculate the highest common factor of 5 and q.
5
Let f(y) = 5*y + 1. Let v be f(4). Suppose 300*r - 4744 + 544 = 0. Calculate the greatest common factor of v and r.
7
Suppose -m = -2, -4*q + 8*q - m = 46. Let r be 4/6 + (-861)/9*-2. What is the highest common divisor of r and q?
12
Let g = -6 + 80. Let m = 142 + g. What is the highest common divisor of m and 24?
24
Let h(a) = 9*a - 4*a - 113*a**3 + 5 - 6*a**2 + 114*a**3. Let q be h(6). Suppose 4*f + 3 = q. Calculate the highest common divisor of f and 1.
1
Let m = -254 + 286. What is the highest common factor of 96 and m?
32
Let t(n) = 13*n - 128. Let x be t(12). Calculate the greatest common factor of 36 and x.
4
Let z = -534 + 586. What is the highest common factor of z and 52?
52
Suppose -4*l + 23 = 3*x, 0 = 5*l - l - 4*x - 16. Suppose 5*z = -2*d + 53, 2*z - l*z = -3*d + 111. Calculate the highest common factor of 85 and d.
17
Let k(y) = -y**2 - y - 1. Let f(x) = 3*x**2 + 24*x + 32. Let b(o) = f(o) + 2*k(o). Let s be b(-21). Calculate the greatest common divisor of s and 45.
9
Let j(y) = -4*y**2 - 27*y + 50. Let a(i) = 7*i**2 + 53*i - 99. Let b(k) = -3*a(k) - 5*j(k). Let u be b(-23). What is the highest common factor of u and 14?
14
Let r = 66 - 84. Let n = r + 34. Let w(a) = a**3 - 8*a**2 + a - 4. Let m be w(8). Calculate the greatest common factor of m and n.
4
Let i = 7 - 0. Let d(x) = -7*x**3 - 6*x**2 + 0*x**2 + i*x**2. Let c be d(-1). Calculate the highest common divisor of 4 and c.
4
Suppose 2*a - 51 = z + 29, -z = 4*a + 92. Let d be (z/(-15))/(6/15). Let g = -10 + d. What is the highest common factor of g and 32?
4
Let h be ((-35)/105)/((-2)/18). Calculate the highest common divisor of h and 129.
3
Suppose 0 = -33*u + 31*u + 8. Suppose s + 5*j - 194 = 0, 197 = s - 0*s + u*j. Calculate the greatest common factor of s and 19.
19
Suppose -13*y = -2*y - 3872. What is the highest common factor of 32 and y?
32
Let l(z) = -3*z + 113. Let w be l(12). Let a(c) = 7*c - 3. Let u be a(2). Calculate the greatest common factor of u and w.
11
Suppose 45*z - 44*z = 52. What is the greatest common factor of 65 and z?
13
Let l be 8202/8 + (-5)/20. What is the highest common factor of l and 41?
41
Let k = 25 - 28. Let c be 6*((13 - 2) + k). Suppose 2*r + 12 = 2*h, 5*r = -h + c - 18. Calculate the highest common factor of 110 and h.
10
Let w(l) = 3*l + 13. Let p be w(-5). Let n be ((-1140)/(-45))/(8/3 + p). What is the greatest common factor of n and 57?
19
Suppose -4*j + 867 = -j. Let c = j + -179. Suppose -3*x + 9 = -21. What is the greatest common divisor of x and c?
10
Let n be ((-15)/(-6) - 1)*4/6. Let k be n - (-2 - -3) - (1 + -2). What is the greatest common divisor of 11 and k?
1
Suppose -3*r - 17 + 8 = 0. Let u be r/9 + 758/6. Let k = 63 - 45. What is the highest common factor of k and u?
18
Suppose 0 = -2*v - 5*i - 30, -4*v - v - 4*i = 92. Let r be (95/v)/(3/(-24)). Let k be 565/10 - (-2)/4. Calculate the highest common divisor of k and r.
19
Let j = 135 - 115. Suppose -28 = -3*d + j. What is the highest common divisor of d and 2?
2
Let f be 11/2 - (-3)/(-6). Suppose 5*w - r = 830, -3*w - f*r + 590 - 120 = 0. Let z = 40 + -25. Calculate the greatest common divisor of z and w.
15
Suppose 5*f + 0*f = 30. Let x(v) = -3*v**3 + v**2 + 2*v + 1. Let g = -21 - -20. Let j be x(g). What is the highest common divisor of j and f?
3
Let c = 75 + 2. Let z = -21 + c. What is the greatest common factor of z and 14?
14
Let b(v) = 2*v**2 - 7*v - 5. Let z be b(6). Let r = -321 - -331. What is the greatest common factor of z and r?
5
Let j = -35 - -73. Let l = 3082 - 3063. Calculate the highest common divisor of j and l.
19
Let c be (-232)/(-12) + 2/3. Suppose -28*x = -6*x - 440. Calculate the highest common factor of x and c.
20
Let b = -202 - -206. What is the greatest common factor of 8 and b?
4
Let g be (-148)/(-16) - (-3)/(-12). Let p(u) = u**2 - u - 7. Let j be p(g). Calculate the highest common divisor of 26 and j.
13
Let c = 147 + -99. What is the greatest common factor of 324 and c?
12
Suppose -1280 = 49*k - 59*k. Let m(c) = -17*c**3 - 1. Let i be m(-1). Calculate the greatest common factor of i and k.
16
Suppose -28*r = -13*r - 165. Suppose 3*t + a = 2*t + 6, -3*a - 6 = -5*t. Suppose 124 = t*c - 107. What is the highest common factor of r and c?
11
Let b be 13 + (0 - 9) + (-16)/(-2). Calculate the highest common factor of b and 300.
12
Suppose 4*u + 2*q + 87 = 309, 164 = 3*u - q. Calculate the highest common factor of 10 and u.
5
Let w(c) = -c**2 - 9*c - 12. Let s be w(-9). Let m be (8/(-3))/(s/(-108)). Let o be ((-66)/m)/((-2)/(-8)). Calculate the greatest common factor of o and 55.
11
Let n be 4*(-3)/(-12) - (-31 + -3). Let j(q) = -q**3 - 6*q**2 - 3*q - 4. Let l be j(-6). What is the greatest common divisor of l and n?
7
Let v be (190/(-76))/((-5)/12). Suppose -51 - 21 = -3*f. What is the greatest common factor of f and v?
6
Suppose -4*h + 5*x + 26 + 40 = 0, -5*x = 3*h - 67. Calculate the greatest common divisor of 3 and h.
1
Let r(p) = -p**2 + 7*p - 5. Let q be r(6). Let y be (-7)/21 - (-80)/24. Calculate the highest common divisor of y and q.
1
Let s(y) = -9*y - 7. Let g be s(-5). Let i = -102 + 121. Calculate the greatest common factor of i and g.
19
Suppose 1040 = 42*v - 2*v. Calculate the highest common divisor of v and 286.
26
Suppose -7315*a + 3375 = -7310*a. What is the greatest common factor of 125 and a?
25
Let n(t) = -78*t - 76. Let b be n(-2). Suppose -3*f + 105 = -3*i - 483, -5*f = 5*i - 1020. What is the greatest common factor of f and b?
40
Suppose 0 = 18*x - 23*x + 40. Suppose 48 = 9*s - x*s. What is the highest common divisor of s and 12?
12
Let d be 18/(-144) + (4 - 1830/(-48)). Let b(j) = -2*j**3 - 2*j**2 + 4*j + 4. Let x be b(-4). Calculate the greatest common factor of x and d.
42
Let w be 1819/51 - (-2)/(-3). Let c be (6 + -3)/(-3)*0. Suppose c = -2*m + 12 + 16. Calculate the greatest common factor of w and m.
7
Let v be (-4)/22 - (-168)/(-44). Let w(d) = d**3 + 4*d**2 + d + 5. Let n be w(v). What is the highest common factor of n and 9?
1
Let g(c) = -5*c + 10*c + 2*c**2 - c**2 - 3. Let b be g(-5). Let l be (-4)/12 - 13/b. Calculate the highest common divisor of 20 and l.
4
Suppose -3*p = -3, -1 = -2*s + p - 0*p. Suppose -109*x = -86*x - 253. Calculate the highest common factor of s and x.
1
Let u = 5 + -5. Suppose 0 = 4*z + v - 111, -3*z - 2*v + 5*v + 72 = u. Calculate the greatest common factor of z and 27.
27
Let s be 2/7 - (-2)/((-42)/69). Let m be s - (-11)/((-55)/(-540)). Calculate the greatest common divisor of 15 and m.
15
Suppose -8*d + 10*d - 1660 = 0. Suppose -5*r = -5*l + 1605, 2*l - d = -5*r - 181. Calculate the greatest common divisor of 14 and l.
14
Suppose -p - 4*u + 1 = 0, -4*p - 3*u = -0 - 17. Suppose p*n - 5*w = -20, 3*n + 0*w = -4*w + 23. Calculate the highest common factor of 9 and n.
1
Let x(h) = h**3 + 52*h**2 - 286*h + 135. Let a be x(-57). Let c(r) = 3*r**2 - r. Let p be c(3). What is the highest common factor of p and a?
24
Suppose 19*m - 260 = 15*m. Suppose -p = -0*p - 13. What is the highest common divisor of m and p?
13
Let j = -237 + 335. What is the greatest common factor of 28 and j?
14
Let z be 6*2*(-1)/(-6). Let p be -1 - (-1*z - 32). Suppose 29*v - 5940 = 53*v - 204*v. What is the greatest common factor of p and v?
33
Let z be ((-38)/(3 - (-66)/(-21)))/2. What is the greatest common factor of 19 and z?
19
Suppose -m + 4*m = -4*h + 69, 5*m - 60 = -3*h. Let i = 19 - h. What is the highest common divisor of 20 and i?
4
Let m(q) = -q**3 + 46*q**2 + 7*q - 301. Let t be m(46). Suppose -4*r + 23 + 89 = 0. What is the highest common divisor of t and r?
7
Let y be (48/(-144))/(-2*(-1)/(-324)). Calculate the greatest common factor of 702 and y.
54
Let d be (152/(-32))/((-2)/(-8)). Let j be (-4)/(-1) - (d + 1). Suppose -j*w - 81 = -25*w. Calculate the greatest common divisor of 243 and w.
27
Suppose -7*j + 1 = -13. Suppose -j*i = -7*i + 105. Calculate the greatest common divisor of 7 and i.
7
Let a = -4 + -33. Let h = 2 - a. Let y(t) = -3*t - 4. Let i be y(-10). Calculate the highest common factor of h and 